{"id":6029,"date":"2026-08-18T17:19:31","date_gmt":"2026-08-18T15:19:31","guid":{"rendered":"https:\/\/visitsantiago.travel\/?post_type=panorama&#038;p=6029"},"modified":"2026-08-18T17:19:32","modified_gmt":"2026-08-18T15:19:32","slug":"cuecazo-colectivo-en-san-bernardo","status":"publish","type":"panorama","link":"https:\/\/visitsantiago.travel\/pt\/panorama\/cuecazo-colectivo-en-san-bernardo\/","title":{"rendered":"Cuecazo Colectivo en San Bernardo"},"content":{"rendered":"<p class=\"wp-block-paragraph\">San Bernardo da la bienvenida al Mes de la Patria con un gran Cuecazo Colectivo, una jornada para celebrar nuestras tradiciones al ritmo de la cueca. El encuentro contar\u00e1 con cuecas en vivo de Mar\u00eda Candola y la participaci\u00f3n especial de Entre Cumpitas y Bravas, junto a otros grupos art\u00edsticos invitados. Una invitaci\u00f3n a disfrutar, bailar y vivir el folclore chileno en comunidad.<\/p>\n\n\n\n<p class=\"wp-block-paragraph\"><\/p>","protected":false},"excerpt":{"rendered":"<p>San Bernardo da la bienvenida al Mes de la Patria con un gran Cuecazo Colectivo, una jornada para celebrar nuestras tradiciones al ritmo de la cueca. El encuentro contar\u00e1 con cuecas en vivo de Mar\u00eda Candola y la participaci\u00f3n especial de Entre Cumpitas y Bravas, junto a otros grupos art\u00edsticos invitados. Una invitaci\u00f3n a disfrutar, bailar y vivir el folclore chileno en comunidad.<\/p>","protected":false},"featured_media":6030,"menu_order":0,"template":"","format":"standard","meta":{"_acf_changed":true},"panorama_categoria":[],"class_list":["post-6029","panorama","type-panorama","status-publish","format-standard","has-post-thumbnail","hentry"],"acf":[],"yoast_head":"<!-- This site is optimized with the Yoast SEO plugin v27.0 - https:\/\/yoast.com\/product\/yoast-seo-wordpress\/ -->\n<title>Cuecazo Colectivo en San Bernardo - Visit Santiago Travel<\/title>\n<meta name=\"robots\" content=\"index, follow, max-snippet:-1, max-image-preview:large, max-video-preview:-1\" \/>\n<link rel=\"canonical\" href=\"https:\/\/visitsantiago.travel\/pt\/panorama\/cuecazo-colectivo-en-san-bernardo\/\" \/>\n<meta property=\"og:locale\" content=\"pt_BR\" \/>\n<meta property=\"og:type\" content=\"article\" \/>\n<meta property=\"og:title\" content=\"Cuecazo Colectivo en San Bernardo - Visit Santiago Travel\" \/>\n<meta property=\"og:description\" content=\"San Bernardo da la bienvenida al Mes de la Patria con un gran Cuecazo Colectivo, una jornada para celebrar nuestras tradiciones al ritmo de la cueca. El encuentro contar\u00e1 con cuecas en vivo de Mar\u00eda Candola y la participaci\u00f3n especial de Entre Cumpitas y Bravas, junto a otros grupos art\u00edsticos invitados. Una invitaci\u00f3n a disfrutar, bailar y vivir el folclore chileno en comunidad.\" \/>\n<meta property=\"og:url\" content=\"https:\/\/visitsantiago.travel\/pt\/panorama\/cuecazo-colectivo-en-san-bernardo\/\" \/>\n<meta property=\"og:site_name\" content=\"Visit Santiago Travel\" \/>\n<meta property=\"article:modified_time\" content=\"2026-08-18T15:19:32+00:00\" \/>\n<meta property=\"og:image\" content=\"https:\/\/visitsantiago.travel\/wp-content\/uploads\/2026\/08\/cuecazo.jpeg\" \/>\n\t<meta property=\"og:image:width\" content=\"1080\" \/>\n\t<meta property=\"og:image:height\" content=\"1080\" \/>\n\t<meta property=\"og:image:type\" content=\"image\/jpeg\" \/>\n<meta name=\"twitter:card\" content=\"summary_large_image\" \/>\n<meta name=\"twitter:label1\" content=\"Est. tempo de leitura\" \/>\n\t<meta name=\"twitter:data1\" content=\"1 minuto\" \/>\n<script type=\"application\/ld+json\" class=\"yoast-schema-graph\">{\"@context\":\"https:\/\/schema.org\",\"@graph\":[{\"@type\":\"WebPage\",\"@id\":\"https:\/\/visitsantiago.travel\/panorama\/cuecazo-colectivo-en-san-bernardo\/\",\"url\":\"https:\/\/visitsantiago.travel\/panorama\/cuecazo-colectivo-en-san-bernardo\/\",\"name\":\"Cuecazo Colectivo en San Bernardo - Visit Santiago Travel\",\"isPartOf\":{\"@id\":\"https:\/\/visitsantiago.travel\/pt\/#website\"},\"primaryImageOfPage\":{\"@id\":\"https:\/\/visitsantiago.travel\/panorama\/cuecazo-colectivo-en-san-bernardo\/#primaryimage\"},\"image\":{\"@id\":\"https:\/\/visitsantiago.travel\/panorama\/cuecazo-colectivo-en-san-bernardo\/#primaryimage\"},\"thumbnailUrl\":\"https:\/\/visitsantiago.travel\/wp-content\/uploads\/2026\/08\/cuecazo.jpeg\",\"datePublished\":\"2026-08-18T15:19:31+00:00\",\"dateModified\":\"2026-08-18T15:19:32+00:00\",\"breadcrumb\":{\"@id\":\"https:\/\/visitsantiago.travel\/panorama\/cuecazo-colectivo-en-san-bernardo\/#breadcrumb\"},\"inLanguage\":\"pt-BR\",\"potentialAction\":[{\"@type\":\"ReadAction\",\"target\":[\"https:\/\/visitsantiago.travel\/panorama\/cuecazo-colectivo-en-san-bernardo\/\"]}]},{\"@type\":\"ImageObject\",\"inLanguage\":\"pt-BR\",\"@id\":\"https:\/\/visitsantiago.travel\/panorama\/cuecazo-colectivo-en-san-bernardo\/#primaryimage\",\"url\":\"https:\/\/visitsantiago.travel\/wp-content\/uploads\/2026\/08\/cuecazo.jpeg\",\"contentUrl\":\"https:\/\/visitsantiago.travel\/wp-content\/uploads\/2026\/08\/cuecazo.jpeg\",\"width\":1080,\"height\":1080,\"caption\":\"Cuecazo colectivo\"},{\"@type\":\"BreadcrumbList\",\"@id\":\"https:\/\/visitsantiago.travel\/panorama\/cuecazo-colectivo-en-san-bernardo\/#breadcrumb\",\"itemListElement\":[{\"@type\":\"ListItem\",\"position\":1,\"name\":\"Portada\",\"item\":\"https:\/\/visitsantiago.travel\/\"},{\"@type\":\"ListItem\",\"position\":2,\"name\":\"panoramas\",\"item\":\"https:\/\/visitsantiago.travel\/panorama\/\"},{\"@type\":\"ListItem\",\"position\":3,\"name\":\"Cuecazo Colectivo en San Bernardo\"}]},{\"@type\":\"WebSite\",\"@id\":\"https:\/\/visitsantiago.travel\/pt\/#website\",\"url\":\"https:\/\/visitsantiago.travel\/pt\/\",\"name\":\"Visit Santiago Travel\",\"description\":\"\",\"potentialAction\":[{\"@type\":\"SearchAction\",\"target\":{\"@type\":\"EntryPoint\",\"urlTemplate\":\"https:\/\/visitsantiago.travel\/pt\/?s={search_term_string}\"},\"query-input\":{\"@type\":\"PropertyValueSpecification\",\"valueRequired\":true,\"valueName\":\"search_term_string\"}}],\"inLanguage\":\"pt-BR\"}]}<\/script>\n<!-- \/ Yoast SEO plugin. -->","yoast_head_json":{"title":"Cuecazo Colectivo en San Bernardo - Visit Santiago Travel","robots":{"index":"index","follow":"follow","max-snippet":"max-snippet:-1","max-image-preview":"max-image-preview:large","max-video-preview":"max-video-preview:-1"},"canonical":"https:\/\/visitsantiago.travel\/pt\/panorama\/cuecazo-colectivo-en-san-bernardo\/","og_locale":"pt_BR","og_type":"article","og_title":"Cuecazo Colectivo en San Bernardo - Visit Santiago Travel","og_description":"San Bernardo da la bienvenida al Mes de la Patria con un gran Cuecazo Colectivo, una jornada para celebrar nuestras tradiciones al ritmo de la cueca. El encuentro contar\u00e1 con cuecas en vivo de Mar\u00eda Candola y la participaci\u00f3n especial de Entre Cumpitas y Bravas, junto a otros grupos art\u00edsticos invitados. Una invitaci\u00f3n a disfrutar, bailar y vivir el folclore chileno en comunidad.","og_url":"https:\/\/visitsantiago.travel\/pt\/panorama\/cuecazo-colectivo-en-san-bernardo\/","og_site_name":"Visit Santiago Travel","article_modified_time":"2026-08-18T15:19:32+00:00","og_image":[{"width":1080,"height":1080,"url":"https:\/\/visitsantiago.travel\/wp-content\/uploads\/2026\/08\/cuecazo.jpeg","type":"image\/jpeg"}],"twitter_card":"summary_large_image","twitter_misc":{"Est. tempo de leitura":"1 minuto"},"schema":{"@context":"https:\/\/schema.org","@graph":[{"@type":"WebPage","@id":"https:\/\/visitsantiago.travel\/panorama\/cuecazo-colectivo-en-san-bernardo\/","url":"https:\/\/visitsantiago.travel\/panorama\/cuecazo-colectivo-en-san-bernardo\/","name":"Cuecazo Colectivo en San Bernardo - Visit Santiago Travel","isPartOf":{"@id":"https:\/\/visitsantiago.travel\/pt\/#website"},"primaryImageOfPage":{"@id":"https:\/\/visitsantiago.travel\/panorama\/cuecazo-colectivo-en-san-bernardo\/#primaryimage"},"image":{"@id":"https:\/\/visitsantiago.travel\/panorama\/cuecazo-colectivo-en-san-bernardo\/#primaryimage"},"thumbnailUrl":"https:\/\/visitsantiago.travel\/wp-content\/uploads\/2026\/08\/cuecazo.jpeg","datePublished":"2026-08-18T15:19:31+00:00","dateModified":"2026-08-18T15:19:32+00:00","breadcrumb":{"@id":"https:\/\/visitsantiago.travel\/panorama\/cuecazo-colectivo-en-san-bernardo\/#breadcrumb"},"inLanguage":"pt-BR","potentialAction":[{"@type":"ReadAction","target":["https:\/\/visitsantiago.travel\/panorama\/cuecazo-colectivo-en-san-bernardo\/"]}]},{"@type":"ImageObject","inLanguage":"pt-BR","@id":"https:\/\/visitsantiago.travel\/panorama\/cuecazo-colectivo-en-san-bernardo\/#primaryimage","url":"https:\/\/visitsantiago.travel\/wp-content\/uploads\/2026\/08\/cuecazo.jpeg","contentUrl":"https:\/\/visitsantiago.travel\/wp-content\/uploads\/2026\/08\/cuecazo.jpeg","width":1080,"height":1080,"caption":"Cuecazo colectivo"},{"@type":"BreadcrumbList","@id":"https:\/\/visitsantiago.travel\/panorama\/cuecazo-colectivo-en-san-bernardo\/#breadcrumb","itemListElement":[{"@type":"ListItem","position":1,"name":"Portada","item":"https:\/\/visitsantiago.travel\/"},{"@type":"ListItem","position":2,"name":"panoramas","item":"https:\/\/visitsantiago.travel\/panorama\/"},{"@type":"ListItem","position":3,"name":"Cuecazo Colectivo en San Bernardo"}]},{"@type":"WebSite","@id":"https:\/\/visitsantiago.travel\/pt\/#website","url":"https:\/\/visitsantiago.travel\/pt\/","name":"Visite Santiago Travel","description":"","potentialAction":[{"@type":"SearchAction","target":{"@type":"EntryPoint","urlTemplate":"https:\/\/visitsantiago.travel\/pt\/?s={search_term_string}"},"query-input":{"@type":"PropertyValueSpecification","valueRequired":true,"valueName":"search_term_string"}}],"inLanguage":"pt-BR"}]}},"_links":{"self":[{"href":"https:\/\/visitsantiago.travel\/pt\/wp-json\/wp\/v2\/panorama\/6029","targetHints":{"allow":["GET"]}}],"collection":[{"href":"https:\/\/visitsantiago.travel\/pt\/wp-json\/wp\/v2\/panorama"}],"about":[{"href":"https:\/\/visitsantiago.travel\/pt\/wp-json\/wp\/v2\/types\/panorama"}],"wp:featuredmedia":[{"embeddable":true,"href":"https:\/\/visitsantiago.travel\/pt\/wp-json\/wp\/v2\/media\/6030"}],"wp:attachment":[{"href":"https:\/\/visitsantiago.travel\/pt\/wp-json\/wp\/v2\/media?parent=6029"}],"wp:term":[{"taxonomy":"panorama_categoria","embeddable":true,"href":"https:\/\/visitsantiago.travel\/pt\/wp-json\/wp\/v2\/panorama_categoria?post=6029"}],"curies":[{"name":"wp","href":"https:\/\/api.w.org\/{rel}","templated":true}]}}

<p class="wp-block-paragraph">San Bernardo da la bienvenida al Mes de la Patria con un gran Cuecazo Colectivo, una jornada para celebrar nuestras tradiciones al ritmo de la cueca. El encuentro contará con cuecas en vivo de María Candola y la participación especial de Entre Cumpitas y Bravas, junto a otros grupos artísticos invitados. Una invitación a disfrutar, bailar y vivir el folclore chileno en comunidad.</p>



<p class="wp-block-paragraph"></p>

<p>San Bernardo da la bienvenida al Mes de la Patria con un gran Cuecazo Colectivo, una jornada para celebrar nuestras tradiciones al ritmo de la cueca. El encuentro contará con cuecas en vivo de María Candola y la participación especial de Entre Cumpitas y Bravas, junto a otros grupos artísticos invitados. Una invitación a disfrutar, bailar y vivir el folclore chileno en comunidad.</p>

<!-- This site is optimized with the Yoast SEO plugin v27.0 - https://yoast.com/product/yoast-seo-wordpress/ -->
<title>Cuecazo Colectivo en San Bernardo - Visit Santiago Travel</title>
<meta name="robots" content="index, follow, max-snippet:-1, max-image-preview:large, max-video-preview:-1" />
<link rel="canonical" href="https://visitsantiago.travel/pt/panorama/cuecazo-colectivo-en-san-bernardo/" />
<meta property="og:locale" content="pt_BR" />
<meta property="og:type" content="article" />
<meta property="og:title" content="Cuecazo Colectivo en San Bernardo - Visit Santiago Travel" />
<meta property="og:description" content="San Bernardo da la bienvenida al Mes de la Patria con un gran Cuecazo Colectivo, una jornada para celebrar nuestras tradiciones al ritmo de la cueca. El encuentro contará con cuecas en vivo de María Candola y la participación especial de Entre Cumpitas y Bravas, junto a otros grupos artísticos invitados. Una invitación a disfrutar, bailar y vivir el folclore chileno en comunidad." />
<meta property="og:url" content="https://visitsantiago.travel/pt/panorama/cuecazo-colectivo-en-san-bernardo/" />
<meta property="og:site_name" content="Visit Santiago Travel" />
<meta property="article:modified_time" content="2026-08-18T15:19:32+00:00" />
<meta property="og:image" content="https://visitsantiago.travel/wp-content/uploads/2026/08/cuecazo.jpeg" />
	<meta property="og:image:width" content="1080" />
	<meta property="og:image:height" content="1080" />
	<meta property="og:image:type" content="image/jpeg" />
<meta name="twitter:card" content="summary_large_image" />
<meta name="twitter:label1" content="Est. tempo de leitura" />
	<meta name="twitter:data1" content="1 minuto" />
<script type="application/ld+json" class="yoast-schema-graph">{"@context":"https://schema.org","@graph":[{"@type":"WebPage","@id":"https://visitsantiago.travel/panorama/cuecazo-colectivo-en-san-bernardo/","url":"https://visitsantiago.travel/panorama/cuecazo-colectivo-en-san-bernardo/","name":"Cuecazo Colectivo en San Bernardo - Visit Santiago Travel","isPartOf":{"@id":"https://visitsantiago.travel/pt/#website"},"primaryImageOfPage":{"@id":"https://visitsantiago.travel/panorama/cuecazo-colectivo-en-san-bernardo/#primaryimage"},"image":{"@id":"https://visitsantiago.travel/panorama/cuecazo-colectivo-en-san-bernardo/#primaryimage"},"thumbnailUrl":"https://visitsantiago.travel/wp-content/uploads/2026/08/cuecazo.jpeg","datePublished":"2026-08-18T15:19:31+00:00","dateModified":"2026-08-18T15:19:32+00:00","breadcrumb":{"@id":"https://visitsantiago.travel/panorama/cuecazo-colectivo-en-san-bernardo/#breadcrumb"},"inLanguage":"pt-BR","potentialAction":[{"@type":"ReadAction","target":["https://visitsantiago.travel/panorama/cuecazo-colectivo-en-san-bernardo/"]}]},{"@type":"ImageObject","inLanguage":"pt-BR","@id":"https://visitsantiago.travel/panorama/cuecazo-colectivo-en-san-bernardo/#primaryimage","url":"https://visitsantiago.travel/wp-content/uploads/2026/08/cuecazo.jpeg","contentUrl":"https://visitsantiago.travel/wp-content/uploads/2026/08/cuecazo.jpeg","width":1080,"height":1080,"caption":"Cuecazo colectivo"},{"@type":"BreadcrumbList","@id":"https://visitsantiago.travel/panorama/cuecazo-colectivo-en-san-bernardo/#breadcrumb","itemListElement":[{"@type":"ListItem","position":1,"name":"Portada","item":"https://visitsantiago.travel/"},{"@type":"ListItem","position":2,"name":"panoramas","item":"https://visitsantiago.travel/panorama/"},{"@type":"ListItem","position":3,"name":"Cuecazo Colectivo en San Bernardo"}]},{"@type":"WebSite","@id":"https://visitsantiago.travel/pt/#website","url":"https://visitsantiago.travel/pt/","name":"Visit Santiago Travel","description":"","potentialAction":[{"@type":"SearchAction","target":{"@type":"EntryPoint","urlTemplate":"https://visitsantiago.travel/pt/?s={search_term_string}"},"query-input":{"@type":"PropertyValueSpecification","valueRequired":true,"valueName":"search_term_string"}}],"inLanguage":"pt-BR"}]}</script>
<!-- / Yoast SEO plugin. -->

San Bernardo da la bienvenida al Mes de la Patria con un gran Cuecazo Colectivo, una jornada para celebrar nuestras tradiciones al ritmo de la cueca. El encuentro contará con cuecas en vivo de María Candola y la participación especial de Entre Cumpitas y Bravas, junto a otros grupos artísticos invitados. Una invitación a disfrutar, bailar y vivir el folclore chileno en comunidad.
