{"id":6037,"date":"2026-08-24T18:08:21","date_gmt":"2026-08-24T16:08:21","guid":{"rendered":"https:\/\/visitsantiago.travel\/?post_type=panorama&#038;p=6037"},"modified":"2026-08-24T18:08:22","modified_gmt":"2026-08-24T16:08:22","slug":"la-furia-ilustrada","status":"publish","type":"panorama","link":"https:\/\/visitsantiago.travel\/en\/panorama\/la-furia-ilustrada\/","title":{"rendered":"La Furia Ilustrada"},"content":{"rendered":"<p class=\"wp-block-paragraph\">La creatividad, los libros y las artes gr\u00e1ficas vuelven a encontrarse en La Furia Ilustrada, una feria que reunir\u00e1 a 166 expositores, entre ilustradores, editoriales, artistas gr\u00e1ficos, librer\u00edas, talleres de impresi\u00f3n y serigraf\u00eda, autores independientes y otros proyectos creativos. La edici\u00f3n 2026 contar\u00e1 adem\u00e1s con la participaci\u00f3n internacional del artista Gudim, creador de <em>Yes, But<\/em>. Un panorama imperdible para descubrir nuevas propuestas, disfrutar del talento creativo y acercarse al mundo de la ilustraci\u00f3n y las artes gr\u00e1ficas.<\/p>\n\n\n\n<p class=\"wp-block-paragraph\"><\/p>","protected":false},"excerpt":{"rendered":"<p>La creatividad, los libros y las artes gr\u00e1ficas vuelven a encontrarse en La Furia Ilustrada, una feria que reunir\u00e1 a 166 expositores, entre ilustradores, editoriales, artistas gr\u00e1ficos, librer\u00edas, talleres de impresi\u00f3n y serigraf\u00eda, autores independientes y otros proyectos creativos. La edici\u00f3n 2026 contar\u00e1 adem\u00e1s con la participaci\u00f3n internacional del artista Gudim, creador de Yes, But.<\/p>","protected":false},"featured_media":6038,"menu_order":0,"template":"","format":"standard","meta":{"_acf_changed":true},"panorama_categoria":[],"class_list":["post-6037","panorama","type-panorama","status-publish","format-standard","has-post-thumbnail","hentry"],"acf":[],"yoast_head":"<!-- This site is optimized with the Yoast SEO plugin v27.0 - https:\/\/yoast.com\/product\/yoast-seo-wordpress\/ -->\n<title>La Furia Ilustrada - Visit Santiago Travel<\/title>\n<meta name=\"robots\" content=\"index, follow, max-snippet:-1, max-image-preview:large, max-video-preview:-1\" \/>\n<link rel=\"canonical\" href=\"https:\/\/visitsantiago.travel\/en\/panorama\/la-furia-ilustrada\/\" \/>\n<meta property=\"og:locale\" content=\"en_GB\" \/>\n<meta property=\"og:type\" content=\"article\" \/>\n<meta property=\"og:title\" content=\"La Furia Ilustrada - Visit Santiago Travel\" \/>\n<meta property=\"og:description\" content=\"La creatividad, los libros y las artes gr\u00e1ficas vuelven a encontrarse en La Furia Ilustrada, una feria que reunir\u00e1 a 166 expositores, entre ilustradores, editoriales, artistas gr\u00e1ficos, librer\u00edas, talleres de impresi\u00f3n y serigraf\u00eda, autores independientes y otros proyectos creativos. La edici\u00f3n 2026 contar\u00e1 adem\u00e1s con la participaci\u00f3n internacional del artista Gudim, creador de Yes, But.\" \/>\n<meta property=\"og:url\" content=\"https:\/\/visitsantiago.travel\/en\/panorama\/la-furia-ilustrada\/\" \/>\n<meta property=\"og:site_name\" content=\"Visit Santiago Travel\" \/>\n<meta property=\"article:modified_time\" content=\"2026-08-24T16:08:22+00:00\" \/>\n<meta property=\"og:image\" content=\"https:\/\/visitsantiago.travel\/wp-content\/uploads\/2026\/08\/Furia-ilustrada-scaled.jpg\" \/>\n\t<meta property=\"og:image:width\" content=\"1920\" \/>\n\t<meta property=\"og:image:height\" content=\"2560\" \/>\n\t<meta property=\"og:image:type\" content=\"image\/jpeg\" \/>\n<meta name=\"twitter:card\" content=\"summary_large_image\" \/>\n<meta name=\"twitter:label1\" content=\"Estimated reading time\" \/>\n\t<meta name=\"twitter:data1\" content=\"1 minute\" \/>\n<script type=\"application\/ld+json\" class=\"yoast-schema-graph\">{\"@context\":\"https:\/\/schema.org\",\"@graph\":[{\"@type\":\"WebPage\",\"@id\":\"https:\/\/visitsantiago.travel\/panorama\/la-furia-ilustrada\/\",\"url\":\"https:\/\/visitsantiago.travel\/panorama\/la-furia-ilustrada\/\",\"name\":\"La Furia Ilustrada - Visit Santiago Travel\",\"isPartOf\":{\"@id\":\"https:\/\/visitsantiago.travel\/pt\/#website\"},\"primaryImageOfPage\":{\"@id\":\"https:\/\/visitsantiago.travel\/panorama\/la-furia-ilustrada\/#primaryimage\"},\"image\":{\"@id\":\"https:\/\/visitsantiago.travel\/panorama\/la-furia-ilustrada\/#primaryimage\"},\"thumbnailUrl\":\"https:\/\/visitsantiago.travel\/wp-content\/uploads\/2026\/08\/Furia-ilustrada-scaled.jpg\",\"datePublished\":\"2026-08-24T16:08:21+00:00\",\"dateModified\":\"2026-08-24T16:08:22+00:00\",\"breadcrumb\":{\"@id\":\"https:\/\/visitsantiago.travel\/panorama\/la-furia-ilustrada\/#breadcrumb\"},\"inLanguage\":\"en-GB\",\"potentialAction\":[{\"@type\":\"ReadAction\",\"target\":[\"https:\/\/visitsantiago.travel\/panorama\/la-furia-ilustrada\/\"]}]},{\"@type\":\"ImageObject\",\"inLanguage\":\"en-GB\",\"@id\":\"https:\/\/visitsantiago.travel\/panorama\/la-furia-ilustrada\/#primaryimage\",\"url\":\"https:\/\/visitsantiago.travel\/wp-content\/uploads\/2026\/08\/Furia-ilustrada-scaled.jpg\",\"contentUrl\":\"https:\/\/visitsantiago.travel\/wp-content\/uploads\/2026\/08\/Furia-ilustrada-scaled.jpg\",\"width\":1920,\"height\":2560,\"caption\":\"Furia ilustrada\"},{\"@type\":\"BreadcrumbList\",\"@id\":\"https:\/\/visitsantiago.travel\/panorama\/la-furia-ilustrada\/#breadcrumb\",\"itemListElement\":[{\"@type\":\"ListItem\",\"position\":1,\"name\":\"Portada\",\"item\":\"https:\/\/visitsantiago.travel\/\"},{\"@type\":\"ListItem\",\"position\":2,\"name\":\"panoramas\",\"item\":\"https:\/\/visitsantiago.travel\/panorama\/\"},{\"@type\":\"ListItem\",\"position\":3,\"name\":\"La Furia Ilustrada\"}]},{\"@type\":\"WebSite\",\"@id\":\"https:\/\/visitsantiago.travel\/pt\/#website\",\"url\":\"https:\/\/visitsantiago.travel\/pt\/\",\"name\":\"Visit Santiago Travel\",\"description\":\"\",\"potentialAction\":[{\"@type\":\"SearchAction\",\"target\":{\"@type\":\"EntryPoint\",\"urlTemplate\":\"https:\/\/visitsantiago.travel\/pt\/?s={search_term_string}\"},\"query-input\":{\"@type\":\"PropertyValueSpecification\",\"valueRequired\":true,\"valueName\":\"search_term_string\"}}],\"inLanguage\":\"en-GB\"}]}<\/script>\n<!-- \/ Yoast SEO plugin. -->","yoast_head_json":{"title":"La Furia Ilustrada - Visit Santiago Travel","robots":{"index":"index","follow":"follow","max-snippet":"max-snippet:-1","max-image-preview":"max-image-preview:large","max-video-preview":"max-video-preview:-1"},"canonical":"https:\/\/visitsantiago.travel\/en\/panorama\/la-furia-ilustrada\/","og_locale":"en_GB","og_type":"article","og_title":"La Furia Ilustrada - Visit Santiago Travel","og_description":"La creatividad, los libros y las artes gr\u00e1ficas vuelven a encontrarse en La Furia Ilustrada, una feria que reunir\u00e1 a 166 expositores, entre ilustradores, editoriales, artistas gr\u00e1ficos, librer\u00edas, talleres de impresi\u00f3n y serigraf\u00eda, autores independientes y otros proyectos creativos. La edici\u00f3n 2026 contar\u00e1 adem\u00e1s con la participaci\u00f3n internacional del artista Gudim, creador de Yes, But.","og_url":"https:\/\/visitsantiago.travel\/en\/panorama\/la-furia-ilustrada\/","og_site_name":"Visit Santiago Travel","article_modified_time":"2026-08-24T16:08:22+00:00","og_image":[{"width":1920,"height":2560,"url":"https:\/\/visitsantiago.travel\/wp-content\/uploads\/2026\/08\/Furia-ilustrada-scaled.jpg","type":"image\/jpeg"}],"twitter_card":"summary_large_image","twitter_misc":{"Estimated reading time":"1 minute"},"schema":{"@context":"https:\/\/schema.org","@graph":[{"@type":"WebPage","@id":"https:\/\/visitsantiago.travel\/panorama\/la-furia-ilustrada\/","url":"https:\/\/visitsantiago.travel\/panorama\/la-furia-ilustrada\/","name":"La Furia Ilustrada - Visit Santiago Travel","isPartOf":{"@id":"https:\/\/visitsantiago.travel\/pt\/#website"},"primaryImageOfPage":{"@id":"https:\/\/visitsantiago.travel\/panorama\/la-furia-ilustrada\/#primaryimage"},"image":{"@id":"https:\/\/visitsantiago.travel\/panorama\/la-furia-ilustrada\/#primaryimage"},"thumbnailUrl":"https:\/\/visitsantiago.travel\/wp-content\/uploads\/2026\/08\/Furia-ilustrada-scaled.jpg","datePublished":"2026-08-24T16:08:21+00:00","dateModified":"2026-08-24T16:08:22+00:00","breadcrumb":{"@id":"https:\/\/visitsantiago.travel\/panorama\/la-furia-ilustrada\/#breadcrumb"},"inLanguage":"en-GB","potentialAction":[{"@type":"ReadAction","target":["https:\/\/visitsantiago.travel\/panorama\/la-furia-ilustrada\/"]}]},{"@type":"ImageObject","inLanguage":"en-GB","@id":"https:\/\/visitsantiago.travel\/panorama\/la-furia-ilustrada\/#primaryimage","url":"https:\/\/visitsantiago.travel\/wp-content\/uploads\/2026\/08\/Furia-ilustrada-scaled.jpg","contentUrl":"https:\/\/visitsantiago.travel\/wp-content\/uploads\/2026\/08\/Furia-ilustrada-scaled.jpg","width":1920,"height":2560,"caption":"Furia ilustrada"},{"@type":"BreadcrumbList","@id":"https:\/\/visitsantiago.travel\/panorama\/la-furia-ilustrada\/#breadcrumb","itemListElement":[{"@type":"ListItem","position":1,"name":"Portada","item":"https:\/\/visitsantiago.travel\/"},{"@type":"ListItem","position":2,"name":"panoramas","item":"https:\/\/visitsantiago.travel\/panorama\/"},{"@type":"ListItem","position":3,"name":"La Furia Ilustrada"}]},{"@type":"WebSite","@id":"https:\/\/visitsantiago.travel\/pt\/#website","url":"https:\/\/visitsantiago.travel\/pt\/","name":"Visit Santiago Travel","description":"","potentialAction":[{"@type":"SearchAction","target":{"@type":"EntryPoint","urlTemplate":"https:\/\/visitsantiago.travel\/pt\/?s={search_term_string}"},"query-input":{"@type":"PropertyValueSpecification","valueRequired":true,"valueName":"search_term_string"}}],"inLanguage":"en-GB"}]}},"_links":{"self":[{"href":"https:\/\/visitsantiago.travel\/en\/wp-json\/wp\/v2\/panorama\/6037","targetHints":{"allow":["GET"]}}],"collection":[{"href":"https:\/\/visitsantiago.travel\/en\/wp-json\/wp\/v2\/panorama"}],"about":[{"href":"https:\/\/visitsantiago.travel\/en\/wp-json\/wp\/v2\/types\/panorama"}],"wp:featuredmedia":[{"embeddable":true,"href":"https:\/\/visitsantiago.travel\/en\/wp-json\/wp\/v2\/media\/6038"}],"wp:attachment":[{"href":"https:\/\/visitsantiago.travel\/en\/wp-json\/wp\/v2\/media?parent=6037"}],"wp:term":[{"taxonomy":"panorama_categoria","embeddable":true,"href":"https:\/\/visitsantiago.travel\/en\/wp-json\/wp\/v2\/panorama_categoria?post=6037"}],"curies":[{"name":"wp","href":"https:\/\/api.w.org\/{rel}","templated":true}]}}

<p class="wp-block-paragraph">La creatividad, los libros y las artes gráficas vuelven a encontrarse en La Furia Ilustrada, una feria que reunirá a 166 expositores, entre ilustradores, editoriales, artistas gráficos, librerías, talleres de impresión y serigrafía, autores independientes y otros proyectos creativos. La edición 2026 contará además con la participación internacional del artista Gudim, creador de <em>Yes, But</em>. Un panorama imperdible para descubrir nuevas propuestas, disfrutar del talento creativo y acercarse al mundo de la ilustración y las artes gráficas.</p>



<p class="wp-block-paragraph"></p>

<p>La creatividad, los libros y las artes gráficas vuelven a encontrarse en La Furia Ilustrada, una feria que reunirá a 166 expositores, entre ilustradores, editoriales, artistas gráficos, librerías, talleres de impresión y serigrafía, autores independientes y otros proyectos creativos. La edición 2026 contará además con la participación internacional del artista Gudim, creador de Yes, But.</p>

<!-- This site is optimized with the Yoast SEO plugin v27.0 - https://yoast.com/product/yoast-seo-wordpress/ -->
<title>La Furia Ilustrada - Visit Santiago Travel</title>
<meta name="robots" content="index, follow, max-snippet:-1, max-image-preview:large, max-video-preview:-1" />
<link rel="canonical" href="https://visitsantiago.travel/en/panorama/la-furia-ilustrada/" />
<meta property="og:locale" content="en_GB" />
<meta property="og:type" content="article" />
<meta property="og:title" content="La Furia Ilustrada - Visit Santiago Travel" />
<meta property="og:description" content="La creatividad, los libros y las artes gráficas vuelven a encontrarse en La Furia Ilustrada, una feria que reunirá a 166 expositores, entre ilustradores, editoriales, artistas gráficos, librerías, talleres de impresión y serigrafía, autores independientes y otros proyectos creativos. La edición 2026 contará además con la participación internacional del artista Gudim, creador de Yes, But." />
<meta property="og:url" content="https://visitsantiago.travel/en/panorama/la-furia-ilustrada/" />
<meta property="og:site_name" content="Visit Santiago Travel" />
<meta property="article:modified_time" content="2026-08-24T16:08:22+00:00" />
<meta property="og:image" content="https://visitsantiago.travel/wp-content/uploads/2026/08/Furia-ilustrada-scaled.jpg" />
	<meta property="og:image:width" content="1920" />
	<meta property="og:image:height" content="2560" />
	<meta property="og:image:type" content="image/jpeg" />
<meta name="twitter:card" content="summary_large_image" />
<meta name="twitter:label1" content="Estimated reading time" />
	<meta name="twitter:data1" content="1 minute" />
<script type="application/ld+json" class="yoast-schema-graph">{"@context":"https://schema.org","@graph":[{"@type":"WebPage","@id":"https://visitsantiago.travel/panorama/la-furia-ilustrada/","url":"https://visitsantiago.travel/panorama/la-furia-ilustrada/","name":"La Furia Ilustrada - Visit Santiago Travel","isPartOf":{"@id":"https://visitsantiago.travel/pt/#website"},"primaryImageOfPage":{"@id":"https://visitsantiago.travel/panorama/la-furia-ilustrada/#primaryimage"},"image":{"@id":"https://visitsantiago.travel/panorama/la-furia-ilustrada/#primaryimage"},"thumbnailUrl":"https://visitsantiago.travel/wp-content/uploads/2026/08/Furia-ilustrada-scaled.jpg","datePublished":"2026-08-24T16:08:21+00:00","dateModified":"2026-08-24T16:08:22+00:00","breadcrumb":{"@id":"https://visitsantiago.travel/panorama/la-furia-ilustrada/#breadcrumb"},"inLanguage":"en-GB","potentialAction":[{"@type":"ReadAction","target":["https://visitsantiago.travel/panorama/la-furia-ilustrada/"]}]},{"@type":"ImageObject","inLanguage":"en-GB","@id":"https://visitsantiago.travel/panorama/la-furia-ilustrada/#primaryimage","url":"https://visitsantiago.travel/wp-content/uploads/2026/08/Furia-ilustrada-scaled.jpg","contentUrl":"https://visitsantiago.travel/wp-content/uploads/2026/08/Furia-ilustrada-scaled.jpg","width":1920,"height":2560,"caption":"Furia ilustrada"},{"@type":"BreadcrumbList","@id":"https://visitsantiago.travel/panorama/la-furia-ilustrada/#breadcrumb","itemListElement":[{"@type":"ListItem","position":1,"name":"Portada","item":"https://visitsantiago.travel/"},{"@type":"ListItem","position":2,"name":"panoramas","item":"https://visitsantiago.travel/panorama/"},{"@type":"ListItem","position":3,"name":"La Furia Ilustrada"}]},{"@type":"WebSite","@id":"https://visitsantiago.travel/pt/#website","url":"https://visitsantiago.travel/pt/","name":"Visit Santiago Travel","description":"","potentialAction":[{"@type":"SearchAction","target":{"@type":"EntryPoint","urlTemplate":"https://visitsantiago.travel/pt/?s={search_term_string}"},"query-input":{"@type":"PropertyValueSpecification","valueRequired":true,"valueName":"search_term_string"}}],"inLanguage":"en-GB"}]}</script>
<!-- / Yoast SEO plugin. -->

La creatividad, los libros y las artes gráficas vuelven a encontrarse en La Furia Ilustrada, una feria que reunirá a 166 expositores, entre ilustradores, editoriales, artistas gráficos, librerías, talleres de impresión y serigrafía, autores independientes y otros proyectos creativos. La edición 2026 contará además con la participación internacional del artista Gudim, creador de Yes, But.
